isor of 155 and 31?
31
What is the greatest common factor of 282 and 30174?
282
Calculate the greatest common factor of 13 and 832.
13
Calculate the greatest common factor of 12 and 132.
12
Calculate the greatest common divisor of 27 and 9.
9
Calculate the greatest common divisor of 135 and 345.
15
Calculate the highest common divisor of 232 and 32.
8
What is the highest common divisor of 2988 and 72?
36
Calculate the greatest common divisor of 6784 and 106.
106
Calculate the greatest common factor of 116 and 29.
29
What is the highest common divisor of 2056 and 88?
8
Calculate the highest common divisor of 600 and 1425.
75
Calculate the greatest common divisor of 377 and 13.
13
Calculate the highest common divisor of 20800 and 160.
160
What is the greatest common factor of 238 and 3247?
17
Calculate the highest common factor of 2346 and 102.
102
What is the greatest common divisor of 14 and 54?
2
What is the greatest common factor of 34 and 15708?
34
Calculate the highest common factor of 4 and 20.
4
Calculate the highest common factor of 620 and 50.
10
What is the highest common divisor of 3176 and 80?
8
What is the greatest common factor of 34 and 4097?
17
What is the greatest common factor of 92 and 782?
46
What is the highest common divisor of 25 and 50?
25
Calculate the highest common factor of 81 and 2025.
81
Calculate the highest common factor of 576 and 153.
9
What is the highest common divisor of 143 and 319?
11
Calculate the highest common divisor of 280 and 9380.
140
What is the highest common divisor of 228 and 24?
12
Calculate the greatest common divisor of 7 and 1043.
7
What is the greatest common divisor of 1116 and 10292?
124
What is the greatest common factor of 93 and 69?
3
What is the greatest common divisor of 41 and 15047?
41
What is the highest common factor of 812 and 42?
14
What is the highest common factor of 2542 and 372?
62
What is the highest common factor of 460 and 660?
20
Calculate the greatest common divisor of 2873 and 34.
17
What is the highest common divisor of 44 and 869?
11
Calculate the highest common divisor of 110 and 198.
22
Calculate the highest common divisor of 84 and 75.
3
Calculate the highest common factor of 396 and 44.
44
What is the greatest common factor of 156 and 216?
12
Calculate the highest common divisor of 66 and 407.
11
What is the greatest common factor of 36 and 28?
4
What is the highest common factor of 456 and 4?
4
Calculate the greatest common divisor of 100 and 425.
25
Calculate the greatest common divisor of 72 and 1368.
72
What is the greatest common factor of 45 and 18?
9
What is the highest common factor of 825 and 33?
33
Calculate the greatest common divisor of 584 and 128.
8
What is the greatest common factor of 132 and 352?
44
What is the greatest common divisor of 1679 and 146?
73
What is the greatest common factor of 2330 and 10?
10
Calculate the greatest common divisor of 27 and 15.
3
What is the highest common divisor of 1519 and 7?
7
Calculate the highest common divisor of 14 and 826.
14
Calculate the highest common factor of 16 and 3728.
16
Calculate the greatest common divisor of 253 and 22.
11
Calculate the greatest common divisor of 19 and 3.
1
Calculate the highest common factor of 7 and 257.
1
Calculate the highest common divisor of 504 and 7.
7
What is the highest common factor of 10 and 39310?
10
Calculate the greatest common divisor of 345 and 15.
15
Calculate the highest common factor of 3 and 573.
3
What is the highest common factor of 1606 and 949?
73
Calculate the highest common divisor of 129 and 96.
3
What is the highest common factor of 13 and 25?
1
What is the highest common divisor of 1353 and 82?
41
What is the greatest common divisor of 286 and 39?
13
Calculate the highest common factor of 2916 and 216.
108
Calculate the highest common divisor of 49 and 28.
7
What is the greatest common divisor of 31 and 6169?
31
Calculate the greatest common factor of 320 and 2960.
80
Calculate the highest common factor of 5 and 3.
1
Calculate the highest common factor of 697 and 51.
17
What is the greatest common divisor of 928 and 832?
32
What is the greatest common divisor of 11 and 4037?
11
Calculate the highest common divisor of 3 and 1536.
3
Calculate the greatest common factor of 70 and 35770.
70
Calculate the greatest common divisor of 200 and 8.
8
Calculate the highest common factor of 33 and 759.
33
Calculate the greatest common factor of 217 and 62.
31
What is the highest common divisor of 254 and 19558?
254
Calculate the highest common divisor of 1015 and 1.
1
Calculate the greatest common divisor of 1007 and 532.
19
What is the greatest common divisor of 165 and 23430?
165
What is the greatest common divisor of 4681 and 155?
31
Calculate the highest common divisor of 135 and 240.
15
Calculate the greatest common divisor of 37 and 777.
37
What is the greatest common factor of 734 and 14?
2
Calculate the greatest common divisor of 13 and 793.
13
Calculate the greatest common divisor of 415 and 5.
5
Calculate the highest common divisor of 13657 and 7.
7
What is the greatest common divisor of 35 and 125?
5
Calculate the greatest common factor of 165 and 55.
55
What is the highest common divisor of 29 and 23?
1
Calculate the greatest common divisor of 3960 and 1386.
198
Calculate the highest common divisor of 1862 and 152.
38
What is the greatest common factor of 1677 and 117?
39
Calculate the greatest common factor of 245 and 98.
49
What is the greatest common divisor of 4023 and 27?
27
What is the highest common factor of 20 and 110?
10
What is the greatest common factor of 2025 and 81?
81
What is the highest common factor of 105 and 504?
21
Calculate the greatest common divisor of 147 and 42.
21
What is the greatest common factor of 1152 and 512?
128
What is the highest common factor of 598 and 23?
23
What is the greatest common divisor of 2700 and 250?
50
What is the greatest common divisor of 1292 and 1102?
38
What is the greatest common divisor of 16 and 18848?
16
What is the highest common factor of 8651 and 422?
211
What is the greatest common divisor of 21 and 2807?
7
Calculate the highest common factor of 962 and 74.
74
Calculate the greatest common divisor of 665 and 76.
19
Calculate the highest common divisor of 945 and 30.
15
Calculate the highest common divisor of 288 and 366.
6
What is the highest common divisor of 45163 and 19?
19
Calculate the greatest common factor of 22 and 22.
22
Calculate the highest common factor of 180 and 972.
36
What is the greatest common factor of 1121 and 59?
59
What is the highest common factor of 4251 and 78?
39
Calculate the highest common divisor of 46 and 27002.
46
Calculate the greatest common factor of 44 and 99.
11
What is the greatest common divisor of 171 and 9?
9
Calculate the highest common divisor of 42 and 12.
6
What is the greatest common factor of 150 and 50?
50
What is the greatest common divisor of 35 and 147?
7
Calculate the greatest common factor of 20 and 25850.
10
What is the highest common factor of 108 and 720?
36
Calculate the highest common divisor of 192 and 12.
12
What is the greatest common divisor of 9 and 549?
9
What is the greatest common factor of 7305 and 15?
15
What is the highest common factor of 352 and 924?
44
Calculate the highest common factor of 713 and 93.
31
What is the highest common divisor of 4 and 1216?
4
What is the greatest common divisor of 4 and 148?
4
What is the highest common divisor of 368 and 12788?
92
What is the highest common divisor of 60 and 2230?
10
Calculate the highest common divisor of 305 and 80.
5
What is the highest common divisor of 675 and 50?
25
What is the highest common divisor of 8140 and 1332?
148
What is the highest common divisor of 7626 and 372?
186
Calculate the highest common divisor of 15 and 170.
5
Calculate the greatest common factor of 171 and 666.
9
Calculate the greatest common divisor of 42 and 120.
6
What is the highest common divisor of 270 and 11430?
90
What is the highest common factor of 5 and 269?
1
Calculate the highest common factor of 36926 and 74.
74
Calculate the highest common divisor of 45 and 450.
45
Calculate the highest common factor of 336 and 42.
42
What is the highest common divisor of 3151 and 137?
137